{"id":615,"date":"2015-01-04T14:41:48","date_gmt":"2015-01-04T12:41:48","guid":{"rendered":"http:\/\/www.kolpingcafe.de\/?page_id=615"},"modified":"2015-01-04T14:42:30","modified_gmt":"2015-01-04T12:42:30","slug":"segeltorn-2014-2","status":"publish","type":"page","link":"http:\/\/www.kolpingevent.de\/?page_id=615","title":{"rendered":"Segelt\u00f6rn 2014"},"content":{"rendered":"<p>Sieben Tage haben wir ,16 Seeb\u00e4ren und Seeb\u00e4rinnen, das Ijselmeer und das Wattenmeer unsicher gemacht. Vom Ijsselmeer sind wir hinaus auf das Wattenmeer und sind mit viel Wind von Insel zu Insel (Terschelling, Vlieland) geh\u00fcpft.<\/p>\n<p>Wir haben di Str\u00e4nde und kleinen Ortschaften genossen, sind vom Schiff ins Wasser gesprungen.<\/p>\n<p>Auf der Tour hat uns unser Skipper Mauritz viel zuge-traut. Wir haben gesteuert, navigiert, Segeln gehiest usw. Vielleicht bist du das n\u00e4chste mal dabei.<\/p>\n<p>[flagallery gid=12 name=Gallery]<\/p>\n<p>&nbsp;<\/p>\n","protected":false},"excerpt":{"rendered":"<p>Sieben Tage haben wir ,16 Seeb\u00e4ren und Seeb\u00e4rinnen, das Ijselmeer und das Wattenmeer unsicher gemacht. Vom Ijsselmeer sind wir hinaus auf das Wattenmeer und sind mit viel Wind von Insel zu Insel (Terschelling, Vlieland) geh\u00fcpft. Wir haben di Str\u00e4nde und &hellip; <a href=\"http:\/\/www.kolpingevent.de\/?page_id=615\">Weiterlesen <span class=\"meta-nav\">&rarr;<\/span><\/a><\/p>\n","protected":false},"author":1,"featured_media":0,"parent":18,"menu_order":0,"comment_status":"open","ping_status":"open","template":"","meta":[],"_links":{"self":[{"href":"http:\/\/www.kolpingevent.de\/index.php?rest_route=\/wp\/v2\/pages\/615"}],"collection":[{"href":"http:\/\/www.kolpingevent.de\/index.php?rest_route=\/wp\/v2\/pages"}],"about":[{"href":"http:\/\/www.kolpingevent.de\/index.php?rest_route=\/wp\/v2\/types\/page"}],"author":[{"embeddable":true,"href":"http:\/\/www.kolpingevent.de\/index.php?rest_route=\/wp\/v2\/users\/1"}],"replies":[{"embeddable":true,"href":"http:\/\/www.kolpingevent.de\/index.php?rest_route=%2Fwp%2Fv2%2Fcomments&post=615"}],"version-history":[{"count":3,"href":"http:\/\/www.kolpingevent.de\/index.php?rest_route=\/wp\/v2\/pages\/615\/revisions"}],"predecessor-version":[{"id":620,"href":"http:\/\/www.kolpingevent.de\/index.php?rest_route=\/wp\/v2\/pages\/615\/revisions\/620"}],"up":[{"embeddable":true,"href":"http:\/\/www.kolpingevent.de\/index.php?rest_route=\/wp\/v2\/pages\/18"}],"wp:attachment":[{"href":"http:\/\/www.kolpingevent.de\/index.php?rest_route=%2Fwp%2Fv2%2Fmedia&parent=615"}],"curies":[{"name":"wp","href":"https:\/\/api.w.org\/{rel}","templated":true}]}}