{"id":1385,"date":"2024-03-13T09:05:51","date_gmt":"2024-03-13T07:05:51","guid":{"rendered":"http:\/\/www.kolpingevent.de\/?page_id=1385"},"modified":"2024-03-13T09:05:51","modified_gmt":"2024-03-13T07:05:51","slug":"impressum","status":"publish","type":"page","link":"https:\/\/www.kolpingevent.de\/?page_id=1385","title":{"rendered":"Impressum"},"content":{"rendered":"\n<p><strong>Verantwortlich f\u00fcr den Inhalt:<\/strong><br>Kolpingsfamilie Ludwigshafen-Pfingstweide<br>vertreten durch<br>Richard Kriebel<br>Oppauer Stra\u00dfe 73<br>67069 Ludwigshafen<br>E-Mail:<br>richard(at)kolpingevent.de<br><br><strong>Rechtlicher Hinweis:<\/strong><br>\u00a0\u00a0\u00a0<br>Wir sind bem\u00fcht im Rahmen des Zumutbaren, auf dieser Website richtige und vollst\u00e4ndige Informationen zur Verf\u00fcgung zu stellen. Wir \u00fcbernehmen jedoch keine Haftung oder Garantie f\u00fcr die Aktualit\u00e4t, Richtigkeit und Vollst\u00e4ndigkeit der auf dieser Website bereitgestellten Informationen. Insbesondere gilt dies auch f\u00fcr alle Verbindungen (&#8222;Links&#8220;), auf welche diese Website direkt oder indirekt verweist. F\u00fcr den Inhalt einer \u00fcber einen solchen Link erreichten Seite wird keine Verantwortung \u00fcbernommen.<br>\u00a0\u00a0\u00a0<br>Wir behalten uns das Recht vor, jederzeit und ohne vorherige Ank\u00fcndigung \u00c4nderungen oder Erg\u00e4nzungen der bereitgestellten Informationen vorzunehmen.<br>\u00a0\u00a0\u00a0<br>Der Inhalt dieser Website ist urheberrechtlich gesch\u00fctzt. Wir gew\u00e4hren Ihnen jedoch das Recht, den auf dieser Website bereitgestellten Text ganz oder Ausschnittweise zu speichern und \/ oder zu vervielf\u00e4ltigen. Aus Gr\u00fcnden des Urheberrechts ist allerdings die Speicherung und Vervielf\u00e4ltigung von Bildmaterial und \/ oder Grafiken aus dieser Website nicht gestattet, soweit es nicht ausdr\u00fccklich zu diesen Zwecken zur Verf\u00fcgung gestellt wird.<br>\u00a0\u00a0\u00a0<br>Wir haften nicht f\u00fcr direkte oder indirekte Sch\u00e4den, einschlie\u00dflich des entgangenen Gewinns, die aufgrund von oder in Verbindung mit Informationen entstehen, die auf dieser Seite bereitgehalten werden.<br><br><\/p>\n","protected":false},"excerpt":{"rendered":"<p>Verantwortlich f\u00fcr den Inhalt:Kolpingsfamilie Ludwigshafen-Pfingstweidevertreten durchRichard KriebelOppauer Stra\u00dfe 7367069 LudwigshafenE-Mail:richard(at)kolpingevent.de Rechtlicher Hinweis:\u00a0\u00a0\u00a0Wir sind bem\u00fcht im Rahmen des Zumutbaren, auf dieser Website richtige und vollst\u00e4ndige Informationen zur Verf\u00fcgung zu stellen. Wir \u00fcbernehmen jedoch keine Haftung oder Garantie f\u00fcr die Aktualit\u00e4t, Richtigkeit &hellip; <a href=\"https:\/\/www.kolpingevent.de\/?page_id=1385\">Weiterlesen <span class=\"meta-nav\">&rarr;<\/span><\/a><\/p>\n","protected":false},"author":1,"featured_media":0,"parent":0,"menu_order":0,"comment_status":"closed","ping_status":"closed","template":"","meta":[],"_links":{"self":[{"href":"https:\/\/www.kolpingevent.de\/index.php?rest_route=\/wp\/v2\/pages\/1385"}],"collection":[{"href":"https:\/\/www.kolpingevent.de\/index.php?rest_route=\/wp\/v2\/pages"}],"about":[{"href":"https:\/\/www.kolpingevent.de\/index.php?rest_route=\/wp\/v2\/types\/page"}],"author":[{"embeddable":true,"href":"https:\/\/www.kolpingevent.de\/index.php?rest_route=\/wp\/v2\/users\/1"}],"replies":[{"embeddable":true,"href":"https:\/\/www.kolpingevent.de\/index.php?rest_route=%2Fwp%2Fv2%2Fcomments&post=1385"}],"version-history":[{"count":1,"href":"https:\/\/www.kolpingevent.de\/index.php?rest_route=\/wp\/v2\/pages\/1385\/revisions"}],"predecessor-version":[{"id":1387,"href":"https:\/\/www.kolpingevent.de\/index.php?rest_route=\/wp\/v2\/pages\/1385\/revisions\/1387"}],"wp:attachment":[{"href":"https:\/\/www.kolpingevent.de\/index.php?rest_route=%2Fwp%2Fv2%2Fmedia&parent=1385"}],"curies":[{"name":"wp","href":"https:\/\/api.w.org\/{rel}","templated":true}]}}